s. What is the hundreds digit of p(-1)?
1
Let o(d) = 19*d**2 - 15*d + 33. What is the units digit of o(7)?
9
Let u(j) = 2*j + 66. Let l be u(-23). What is the hundreds digit of 8/l + 1746/10?
1
Let n(f) be the third derivative of -2*f**2 + 13/6*f**3 + 0*f + 1/24*f**4 + 0. What is the units digit of n(10)?
3
Let l(b) = b**2 - 7*b + 2. Let c = 3 - 0. Suppose g = -c*h + 27, -4*g = 5*h - 3*h - 18. What is the units digit of l(h)?
0
Let l(n) = -n**3 - 4*n**2 + 5*n + 3. Let o be l(-5). Suppose -2*c - o = 4*x + 1, 0 = 4*x - c - 2. Suppose -g = -x*g - 18. What is the tens digit of g?
1
Let d = -224 + 284. What is the tens digit of d?
6
Suppose 4*k = -0*k - 2*g + 32, k - 2*g - 13 = 0. Let a be 29/k - (-10)/(-45). Suppose 2*o + a*h - 81 - 4 = 0, -3*o = 4*h - 125. What is the units digit of o?
5
Let d be 384/80 - 1/(-5). Suppose 0 = -d*p - 4*h + 23, -5*p - 3*h + 11 = -10. Let l = p - 2. What is the units digit of l?
1
Let h(f) = 2*f + 4. Let j be h(-5). Let r be ((-15)/(-10))/(1/j). Let v = r - -13. What is the units digit of v?
4
Let s be 274/(-4) + ((-1)/2 - -1). Let f = s + 168. What is the tens digit of f?
0
Let v be -2 + (3 - -11)/2. What is the units digit of (12/v)/(36/4200)?
0
Let i(q) = -8*q**2 + 3*q + 2. Let p be i(-3). Let u(h) = -5*h**2 + 53*h + 2. Let r be u(5). Let t = p + r. What is the tens digit of t?
6
Suppose -4*c = -p - 9, 4*c + 3 = 3*p - 2. Suppose 0 = -p*d + 107 + 264. What is the units digit of d?
3
Suppose -60 = -4*g + 3*q, 3*g - 17 = -4*q + 3. Let f = g - -10. What is the tens digit of f?
2
Suppose -v - 2*z = 2, 2*z + 72 = -5*v + 22. Let y = 6 - v. What is the units digit of y?
8
Let g(y) = 2*y. Let a be g(0). Suppose a = -l + 154 + 93. What is the hundreds digit of l?
2
Suppose -3*z + 0*z = -174. Let s be (-16)/(-5)*(7 + 114/(-12)). Let w = z - s. What is the tens digit of w?
6
Suppose 19*d - 24*d + 1745 = 0. What is the tens digit of d?
4
Let h(x) = -3*x - 21. Let q be h(-9). What is the tens digit of 472/q + 2/6?
7
Let f be 6/(-14) + (-6)/(-14). Let k be (0 - -5) + f + -1. Suppose 8*r = -2*u + 3*r - k, 5*u - 48 = 2*r. What is the units digit of u?
8
Let f = 1 + -1. Suppose -4*i + 3 = -f*i - z, 3*z + 9 = -3*i. What is the units digit of (i - 88)*1/(-2)?
4
Suppose 0 = 3*i - 6, -6*i + 7*i - 562 = -5*p. What is the hundreds digit of p?
1
Let z(o) = 2*o**3 - 3*o**2. Let w = -23 + 37. Let d = w + -11. What is the units digit of z(d)?
7
Let s(d) be the third derivative of -d**6/120 - d**5/30 - d**4/3 + d**3/3 - 12*d**2. What is the tens digit of s(-5)?
1
Let n(c) = c**2 + c + 74. Let q be n(0). Suppose 31 + q = -5*w. Let u = w - -31. What is the units digit of u?
0
Let n = 10 + -7. Suppose 2*g - n = 7. Suppose -4*w + 43 = g*f, -2*w - 4*f + 13 = -1. What is the units digit of w?
7
Let s(q) = 12*q**3 + 3*q**2 - 8*q**3 + 0*q**3 - q + 1. What is the units digit of s(2)?
3
Suppose 9 - 7 = n. What is the units digit of (-1)/(n/8 + (-108)/368)?
3
Suppose 909 + 123 = -4*u. What is the tens digit of (2/(-3))/((4/u)/1)?
4
Let a = -196 - -405. What is the hundreds digit of ((-5 - -4) + 2)*(2 + a)?
2
Let m(k) = -k**2 - 20*k. Let f be m(-14). Let v be 5 + 3/((-6)/4). Suppose -v*w + f = w. What is the tens digit of w?
2
Let b = -552 + 569. What is the units digit of b?
7
Let o = 1 + -22. What is the tens digit of 1/((-22)/o + -1)?
2
Let h be (7 - -1)/(-21 - -20). Let w(o) = 35*o. Let i be w(-5). What is the units digit of h/(-10)*i/(-10)?
4
Let f(t) be the third derivative of 1/6*t**4 + 0*t + 0*t**3 + 4*t**2 + 0. What is the tens digit of f(3)?
1
Suppose -r - 1168 = 4*u - 5*r, -3*u + 5*r = 884. Let c = u - -200. What is the tens digit of 310/11 + 16/c?
2
Suppose 0 = 58*g - 54*g + 48. Let p be (0 + -4)*10*-3. What is the tens digit of g/5*p/(-9)?
3
Let a be (-5 - -4)*1*-3. What is the units digit of (-28)/21*a*-1?
4
Let g = -46 + 118. Let u be 4/8*(-4 + 4). Suppose 2*z + z - g = u. What is the units digit of z?
4
Suppose 5*g + 2359 = 4*m, -2*g + 9 = 7. What is the tens digit of m?
9
Let a = -70 + 204. Suppose -5*c - 4 + a = 0. What is the units digit of c?
6
Suppose -175 = -7*v + 518. Let w = v + -69. What is the tens digit of w?
3
Let d = -538 + 2037. What is the hundreds digit of d?
4
Suppose -6 = 3*o + l - 3, 0 = -5*o - 5*l - 15. Let c be 10*4*(1 - o). Suppose -4*z + c = -3*z. What is the units digit of z?
0
Suppose 18 = 6*c - 36. Suppose c*v - 10 = 7*v. Suppose -91 = -v*p + 19. What is the units digit of p?
2
What is the tens digit of (-1795)/(-15) - (-10)/(-15)?
1
Let b = -359 - -181. Let t = b + 362. What is the tens digit of t?
8
Suppose -t - 3656 = -2*f, -3*f = -6*f + 2*t + 5485. What is the tens digit of f?
2
Let d(r) = -2*r - 1. Let a be d(-2). Let p(c) = 10*c**2 + 2. What is the tens digit of p(a)?
9
Suppose 5*n = 17 + 8. Suppose -4*x = -2*i - 38, 0*i + n*i = -4*x + 17. What is the units digit of x?
8
What is the hundreds digit of (-3230)/(14/(-84)*4)?
8
Let g = -14 - -16. Suppose 0 = 3*k + g*k. Suppose -3*f - 56 = -3*t + f, 2*t - 2*f - 40 = k. What is the tens digit of t?
2
Suppose -147825 = -33*r + 8*r. What is the tens digit of r?
1
Let o(t) = -t**3 + 21*t**2 - 25*t - 59. What is the units digit of o(19)?
8
Let o be (-9)/(-15) + (67/5 - -2). Let w be 0/(2/(4/(-2))). Suppose w = -4*b + 92 + o. What is the units digit of b?
7
Let i be -4 + 0 + 95 + -4. Let t = i + -24. What is the tens digit of t?
6
Suppose -30*d = -53*d + 6624. What is the tens digit of d?
8
Let l(i) = i**3 - 10*i**2 + 4. Let k be l(10). Suppose -5*a - 20 = -2*a + 2*q, -k*q = -2*a + 8. What is the units digit of 5 + 3 + a - 1?
3
Suppose -564*v = -572*v + 16384. What is the tens digit of v?
4
Suppose -2*i - a = -28, -i - 14 = -2*i - a. Suppose -5*m - 2 = 4*b + 1, 4*m - 5*b - i = 0. What is the units digit of -3*(-4)/4*m?
3
Let q = 29 - 53. Suppose i - 9*h = -6*h + 7, 2*h = 5*i + 17. Let u = i - q. What is the units digit of u?
9
Let g = -30 + 33. Suppose g*k - 2*k - 2 = 0. Suppose 0 = k*i + 11 - 31. What is the tens digit of i?
1
Suppose j - 5*y - 128 = 0, 3*j - 5*j + 263 = -3*y. What is the units digit of (j - 1) + 25/(-25)?
1
What is the tens digit of (-2)/(-8) + 3/((-24)/(-1286))?
6
Let b be (-5 - -3) + 2/(2*-1). What is the tens digit of (-121)/(-4) - (b + (-27)/(-12))?
3
Let d(q) = -q**3 - 15*q**2 - 3*q - 25. What is the units digit of d(-16)?
9
Suppose 3*q - 167 = 121. Suppose 2*l - 128 = q. What is the hundreds digit of l?
1
Let a(g) = 4*g**2 + 37*g + 96. What is the thousands digit of a(-28)?
2
Let o(s) = -s**3 - 14*s**2 + 12. Let k(d) = -d**2 + 10*d - 14. Let p be k(10). What is the units digit of o(p)?
2
Suppose 65*p = 66*p - 2. Suppose 0 = 4*v - 2*t - 510, v + 4*t - p*t - 135 = 0. What is the units digit of v?
9
Suppose 0 = -u + 3*u. Suppose -5*r + 3*g = -g - 17, u = -5*g - 15. Suppose x - 22 = -3*m, -2*m = -2*x + r - 21. What is the units digit of m?
8
Let s(m) = -m**2 - 2*m + 7. Let d be s(-5). Let l be d/(-6)*(-12)/(-8). Suppose 49 = t + 2*f, -2*t - 36 = -l*f - 140. What is the tens digit of t?
5
Let j be (30/9 - 1) + 4/(-12). Suppose 3*t - 4*t - j*p = -140, -5*t - 2*p + 724 = 0. What is the hundreds digit of t?
1
Suppose -2*y - 739 = c, 5*y - 5*c = y - 1457. What is the units digit of y/(-4) - -1*3?
5
Suppose 0*l = -5*l + 970. What is the units digit of l?
4
Suppose -4*l + c + 3713 = -2*c, l - c - 928 = 0. What is the tens digit of l?
2
Suppose 10*a - 7*a - 24 = 0. Let h(j) = 0*j + 8 + a*j + 5*j - 6. What is the units digit of h(2)?
8
What is the tens digit of 71 - (-8 + 14 + -5)?
7
Suppose 4*m = -h - 220, 3*m - 2*h + 120 = m. Let g = m - -102. What is the units digit of g?
6
Let h = 29 - 18. Let v = 11 - h. Suppose v*p + 53 = p. What is the units digit of p?
3
Let b(j) = j**3 + 13*j**2 - 14*j. Suppose 5*t = 3*t - 28. Let u be b(t). Suppose 5*c - 45 + 0 = u. What is the units digit of c?
9
Suppose -3*l + 10828 + 1851 = 5*b, -3*b + 7596 = -2*l. What is the tens digit of b?
3
Suppose 0 = 5*n - 0*n - 5. Let q be (4/(-12))/(n/(-18)). What is the units digit of (-34)/4*(-12)/q?
7
Suppose 5*b - 118 = 122. Suppose -b = m - 2*m. What is the units digit of m?
8
Let p be 3 - (-7)/(28/180). Suppose -y = -0*y + 3*w + p, 2*w + 142 = -4*y. Let f = y + 60. What is the tens digit of f?
2
Let f(m) = m**3 + 36*m**2 - 17*m + 8. What is the hundreds digit of f(-36)?
6
S